{"id":493,"date":"2024-02-17T10:37:20","date_gmt":"2024-02-17T07:37:20","guid":{"rendered":"https:\/\/ekollaw.az\/?page_id=493"},"modified":"2024-02-19T16:13:53","modified_gmt":"2024-02-19T13:13:53","slug":"direktor","status":"publish","type":"page","link":"https:\/\/ekollaw.az\/?page_id=493","title":{"rendered":"Direktor"},"content":{"rendered":"\n\n\n<figure class=\"wp-block-gallery has-nested-images columns-default is-cropped wp-block-gallery-1 is-layout-flex wp-block-gallery-is-layout-flex\">\n<figure class=\"wp-block-image size-large\"><img loading=\"lazy\" decoding=\"async\" width=\"1024\" height=\"1024\" data-id=\"516\" src=\"https:\/\/ekollaw.az\/wp-content\/uploads\/2024\/02\/emin-isayev-1024x1024.jpg\" alt=\"\" class=\"wp-image-516\" srcset=\"https:\/\/ekollaw.az\/wp-content\/uploads\/2024\/02\/emin-isayev-1024x1024.jpg 1024w, https:\/\/ekollaw.az\/wp-content\/uploads\/2024\/02\/emin-isayev-300x300.jpg 300w, https:\/\/ekollaw.az\/wp-content\/uploads\/2024\/02\/emin-isayev-150x150.jpg 150w, https:\/\/ekollaw.az\/wp-content\/uploads\/2024\/02\/emin-isayev-768x768.jpg 768w, https:\/\/ekollaw.az\/wp-content\/uploads\/2024\/02\/emin-isayev.jpg 1080w\" sizes=\"auto, (max-width: 1024px) 100vw, 1024px\" \/><\/figure>\n<\/figure>\n\n\n\n<p>\u0130sayev Emin A\u011famm\u0259d o\u011flu Az\u0259rbaycan Respublikas\u0131n\u0131n V\u0259kill\u0259r Kollegiyas\u0131n\u0131n \u00fczv\u00fcd\u00fcr.<\/p>\n\n\n\n<p>\u0130lk d\u0259f\u0259 \u0259m\u0259k f\u0259aliyy\u0259tin\u0259 AT\u018fT-d\u0259&nbsp; (Avropada T\u0259hl\u00fck\u0259sizlik v\u0259 \u018fm\u0259kda\u015fl\u0131q T\u0259\u015fkilat\u0131) layih\u0259 r\u0259hb\u0259ri olaraq ba\u015flam\u0131\u015fd\u0131r. Daha sonra \u0259m\u0259k f\u0259aliyy\u0259tini m\u0259hk\u0259m\u0259 orqanlar\u0131nda davam etdirmi\u015f v\u0259 sonrak\u0131 d\u00f6vrl\u0259rd\u0259 \u00f6z h\u00fcquq \u015firk\u0259tini yaratm\u0131\u015fd\u0131r.&nbsp;<\/p>\n\n\n\n<p>D\u00f6vl\u0259t qurumlar\u0131ndan g\u0259l\u0259n i\u015f t\u0259klifini d\u0259y\u0259rl\u0259ndir\u0259r\u0259k 2 il\u0259 yax\u0131n D\u00f6vl\u0259t Sosial M\u00fcdafi\u0259 Fondunda (DSMF) departament m\u00fcdiri v\u0259zif\u0259sind\u0259 \u00e7al\u0131\u015fm\u0131\u015fd\u0131r. 2022-ci ild\u0259 \u201cEKOL\u201d V\u0259kil B\u00fcrosunu t\u0259sis etmi\u015fdir. Haz\u0131rda b\u00fcronun direktoru kimi \u00f6z f\u0259aliyy\u0259tini davam etdir\u0259n \u0130sayev Emin A\u011famm\u0259d o\u011flu pe\u015f\u0259kar yana\u015fmas\u0131, t\u0259cr\u00fcb\u0259si v\u0259 h\u00fcquq sah\u0259sind\u0259 \u0259ld\u0259 etdiyi nailiyy\u0259tl\u0259ri il\u0259 diqq\u0259t \u00e7\u0259kir. Onun r\u0259hb\u0259rliyi il\u0259 b\u00fcro m\u00fc\u015ft\u0259ril\u0259r\u0259 keyfiyy\u0259tli h\u00fcquqi xidm\u0259tl\u0259r g\u00f6st\u0259rm\u0259kd\u0259 davam edir.<\/p>\n","protected":false},"excerpt":{"rendered":"<p>\u0130sayev Emin A\u011famm\u0259d o\u011flu Az\u0259rbaycan Respublikas\u0131n\u0131n V\u0259kill\u0259r Kollegiyas\u0131n\u0131n \u00fczv\u00fcd\u00fcr. \u0130lk d\u0259f\u0259 \u0259m\u0259k f\u0259aliyy\u0259tin\u0259 AT\u018fT-d\u0259&nbsp; (Avropada T\u0259hl\u00fck\u0259sizlik v\u0259 \u018fm\u0259kda\u015fl\u0131q T\u0259\u015fkilat\u0131) layih\u0259 r\u0259hb\u0259ri olaraq ba\u015flam\u0131\u015fd\u0131r. Daha sonra \u0259m\u0259k f\u0259aliyy\u0259tini m\u0259hk\u0259m\u0259 orqanlar\u0131nda davam etdirmi\u015f v\u0259 sonrak\u0131 d\u00f6vrl\u0259rd\u0259 \u00f6z h\u00fcquq \u015firk\u0259tini yaratm\u0131\u015fd\u0131r.&nbsp; D\u00f6vl\u0259t qurumlar\u0131ndan g\u0259l\u0259n i\u015f t\u0259klifini d\u0259y\u0259rl\u0259ndir\u0259r\u0259k 2 il\u0259 yax\u0131n D\u00f6vl\u0259t Sosial M\u00fcdafi\u0259 Fondunda (DSMF) departament m\u00fcdiri v\u0259zif\u0259sind\u0259 [&hellip;]<\/p>\n","protected":false},"author":1,"featured_media":0,"parent":0,"menu_order":0,"comment_status":"closed","ping_status":"closed","template":"","meta":{"footnotes":""},"class_list":["post-493","page","type-page","status-publish","hentry"],"aioseo_notices":[],"_links":{"self":[{"href":"https:\/\/ekollaw.az\/index.php?rest_route=\/wp\/v2\/pages\/493","targetHints":{"allow":["GET"]}}],"collection":[{"href":"https:\/\/ekollaw.az\/index.php?rest_route=\/wp\/v2\/pages"}],"about":[{"href":"https:\/\/ekollaw.az\/index.php?rest_route=\/wp\/v2\/types\/page"}],"author":[{"embeddable":true,"href":"https:\/\/ekollaw.az\/index.php?rest_route=\/wp\/v2\/users\/1"}],"replies":[{"embeddable":true,"href":"https:\/\/ekollaw.az\/index.php?rest_route=%2Fwp%2Fv2%2Fcomments&post=493"}],"version-history":[{"count":12,"href":"https:\/\/ekollaw.az\/index.php?rest_route=\/wp\/v2\/pages\/493\/revisions"}],"predecessor-version":[{"id":527,"href":"https:\/\/ekollaw.az\/index.php?rest_route=\/wp\/v2\/pages\/493\/revisions\/527"}],"wp:attachment":[{"href":"https:\/\/ekollaw.az\/index.php?rest_route=%2Fwp%2Fv2%2Fmedia&parent=493"}],"curies":[{"name":"wp","href":"https:\/\/api.w.org\/{rel}","templated":true}]}}